-5). What is the highest common divisor of s and h?
16
Let m(z) = 6*z**2 + 44*z - 97. Let c be m(2). Calculate the greatest common factor of 2305 and c.
5
Let o(t) = -292*t - 715. Let z be o(-4). Calculate the greatest common factor of 1963 and z.
151
Suppose 2*k = -4*i - k - 104, 3*k = -5*i - 130. Let p be i/6*(-9)/1. Let x = 349 - 271. Calculate the highest common factor of x and p.
39
Let a be 4*(0 - 2/(-4))*6. Let b(l) = 6*l**2 + 3*l - 8. Let v be b(-5). Let g be v + -1 - (a + -12). Calculate the highest common divisor of g and 14.
14
Let v be (-1432)/10*596050/(-3640). What is the highest common divisor of v and 179?
179
Suppose -b = -z + 211, 179*z - 177*z = b + 427. Calculate the highest common divisor of z and 702.
54
Let j = 4 + -6. Let a be (6/(-9))/(j/120). Let z be (-1)/((-3)/(-2)*21/(-1890)). Calculate the greatest common divisor of a and z.
20
Suppose -52*i + 55*i - 167 = -5*h, 7*h - 28 = 0. What is the highest common divisor of i and 224?
7
Suppose 0 = -46*m + 38*m + 80. Let u be (-140)/(-56)*1136/m. What is the highest common factor of 355 and u?
71
Suppose u + 3*u = 308. Let i = 421 - 377. Calculate the greatest common factor of i and u.
11
Let z(n) = -154*n + 4088. Let x be z(26). Calculate the highest common divisor of 6657 and x.
21
Let s(v) = 310*v - 552. Let z be s(2). Calculate the greatest common divisor of 7276 and z.
68
Let w(s) = 135*s**2 - 32*s - 68. Let l be w(-2). What is the highest common factor of 16 and l?
8
Let q = -16 - -20. Let m be q + -5 + -2 - -18. Let o = -71 - -236. What is the highest common divisor of o and m?
15
Suppose -22*k + 26*k = -5*n + 2218, 4*n = -5*k + 2768. What is the highest common divisor of k and 621?
69
Let c be 6234/41 + ((-19437)/(-779) - 25). What is the greatest common factor of 3686 and c?
38
Let f be ((-8)/12)/(2/(-90)). What is the highest common divisor of f and 2010?
30
Let m be (8/24)/(2/12). Suppose -5*u - 3*g + 18 + 131 = 0, 4*u - m*g = 106. What is the highest common divisor of 196 and u?
28
Let z(s) = -113*s + 30*s + 53*s + 32*s + 50. Let y be (0 - -2) + (-9)/1. Let f be z(y). Calculate the greatest common factor of 8 and f.
4
Suppose -5*i + 3*d + 178 = 0, 0 = -2*d - 16 + 14. Calculate the highest common factor of i and 2535.
5
Suppose 2*y - f - 197 = 0, -13*y + 17*y + f = 415. Calculate the highest common divisor of 3706 and y.
34
Let q be ((-701)/(-9) - 3) + 11/99. Calculate the highest common factor of q and 105.
15
Suppose 2*j - 3*l - 8 = 0, l = -l. Suppose 3*z - 5*n - 1641 - 619 = 0, -5*z - j*n + 3742 = 0. Calculate the highest common factor of 75 and z.
75
Let a = 176 + -7. Let g = a - 105. What is the highest common divisor of g and 224?
32
Let r(p) = 3*p - 19. Let l be r(11). Suppose -240*o + 14308 = -226*o. Calculate the highest common factor of l and o.
14
Let v(i) = i**2 + 19*i - 15. Let g be v(6). Suppose -10*q + g + 125 = 0. What is the greatest common divisor of 4 and q?
2
Suppose 3*c + 5*n = -30, 0 = 7*c - 3*c - 3*n + 11. Let t = c + 35. Let d = 48 + -28. What is the highest common divisor of t and d?
10
Let s(m) = -26*m - 67. Let q be s(-4). Let l be (-4)/14 + 6218/7. Let n be ((-2)/3)/((-4)/l). Calculate the highest common divisor of n and q.
37
Let r = -653 + 736. Calculate the highest common factor of r and 913.
83
Let x = -231 + 231. Suppose x = -44*r + 86*r - 252. Let c = 30 - 0. What is the highest common divisor of r and c?
6
Suppose 1660 = 5*v + 1035. Calculate the greatest common factor of 800 and v.
25
Suppose 0 = 4*u + 5*y - 824, -11*u + 9*u = -y - 398. Suppose 15*q - u = -51. What is the highest common divisor of q and 10?
10
Let v(f) be the third derivative of f**6/120 + f**5/5 + 9*f**4/8 + f**3/6 - 19*f**2. Let b be v(-6). Calculate the highest common divisor of 11 and b.
11
Suppose -10*s = -13*s - 2*w + 266, -3*w = 6. What is the greatest common divisor of s and 198?
18
Suppose 3*s - 26 = -4*u - 2, 0 = 5*u + 2*s - 37. Let h(i) = -3*i + 54. Let k be h(u). Calculate the highest common divisor of k and 36.
9
Let o = 27 + -13. Let l(h) = 2*h - h**3 - 14*h**2 + 68 - 103 + 15 + 2*h**3. Let f be l(o). Calculate the greatest common factor of 136 and f.
8
Suppose 940 = 3*m - m. Let u be (-2 - -7)*(1248 + -1246). Calculate the greatest common factor of u and m.
10
Let f be ((-10)/(-6))/((-1)/(-12)). Suppose 98*w + 95*w = 225*w - 1600. Calculate the highest common factor of w and f.
10
Let o(n) = -31*n - 206. Let v be o(-5). Let c = -57 - 8. Let d = v - c. What is the highest common factor of 35 and d?
7
Let g(q) = -90*q - 301*q**2 + 105*q - 13*q**3 - 1 + 306*q**2. Let p be g(-5). Calculate the greatest common divisor of 62 and p.
62
Suppose 3*g = 1097 - 1094. Let c be g/((-9)/(-438)) - (-1)/3. Let w(k) = k**2 + 3*k + 3. Let t be w(-4). Calculate the greatest common divisor of t and c.
7
Suppose -m + 7*n + 173 = 3*n, 4*m = -5*n + 650. Let a be (m - -2 - -3) + -1. Let r = 31 + -18. What is the greatest common divisor of r and a?
13
Let b = 2 + 147. Suppose -b = -2*h - 11. Let l(p) = -p**3 - p**2 + 4*p + 14. Let g be l(-4). What is the highest common factor of h and g?
23
Suppose l = 4*j + 36, 3*j = 4*l - j - 84. Let m(d) = -39*d + 1097. Let h be m(23). What is the highest common factor of h and l?
8
Let o = -5662 - -7337. Calculate the greatest common factor of 469 and o.
67
Suppose q = 2*s + s - 152, 5*q + 46 = s. Let h be (4 + -2)/(-2) + s. Suppose -15300 = -228*o + 24*o. What is the highest common factor of o and h?
25
Let u = 14057 + -13937. What is the highest common factor of u and 2568?
24
Let h(s) = -1278*s + 728. Let b be h(0). What is the highest common factor of 2002 and b?
182
Let n(s) = -2*s - 27. Let l be n(-15). Suppose l*y = 2*y. Let m be (-35 - -5)/(y + -1). What is the highest common factor of 45 and m?
15
Suppose j = 5, -3*v - 3*j + 2*j = -353. What is the greatest common divisor of 58 and v?
58
Let i = 28 - 32. Let h be 2 - (-2 - i) - -3. What is the greatest common factor of 2 and h?
1
Let a be (-2)/4*(-80 - 10). Let g(r) = r**2 + 48*r + 635. Let f be g(-35). What is the highest common factor of a and f?
45
Suppose 97*u = -42*u + 4191962. What is the highest common divisor of u and 68?
34
Let j = -256 - -204. Let x be -12*((-7)/12 + (-13)/j). Calculate the highest common divisor of 18 and x.
2
Let m(l) = 3*l**2 - 471*l - 1727. Let c be m(163). What is the greatest common divisor of c and 187?
17
Let g = 8 - -13. Suppose o - 6*a + g = -a, -4*a + 32 = 3*o. Let i(m) = -2*m**2 - 37*m - 149. Let t be i(-6). What is the highest common factor of o and t?
1
Suppose -f = 2*k - 664, -5*f - 241 = -k + 113. What is the highest common factor of k and 4509?
167
Let f(q) = 3*q**2 + 10*q - 11. Suppose 4*g = -10*v + 11*v - 25, -g - 30 = -5*v. Let w be f(g). Calculate the highest common factor of w and 574.
14
Let q be (-2)/(-5) - (-33)/55. Let h be -1 + q + -7 + 585. What is the greatest common factor of 34 and h?
34
Suppose -656 = -2*h - 2*h. Let c = 62608 - 62526. Calculate the greatest common factor of h and c.
82
Let s(c) be the third derivative of -c**6/120 + c**5/60 + 2*c**4/3 + c**3 + 9*c**2 - 3. Let i be s(-4). What is the greatest common factor of 253 and i?
11
Suppose 2*c + 0 - 243 = 5*q, 0 = 3*c - 3*q - 378. Let w = c - 124. Calculate the greatest common factor of 2 and w.
1
Suppose 123*b + 40243 = -38*b + 200438. What is the highest common factor of b and 15?
5
Suppose 0 = -6*j + 2537 - 1397. Calculate the greatest common factor of 90 and j.
10
Let r be (0 - 24)*(-28)/6. Suppose 0 = -328135*i + 328080*i + 385. What is the highest common factor of r and i?
7
Let w(u) = -u**3 - 9*u**2 - 25*u - 218. Let g be w(-9). Calculate the highest common divisor of 14336 and g.
7
Let z = 506 + -500. Suppose -z*q - 77 = -13*q. Calculate the highest common factor of q and 539.
11
Suppose -43*m + 10*m = 264. Let v be 1 + m - (-45 - -8). Calculate the greatest common divisor of 150 and v.
30
Let c = -461 - -585. Calculate the greatest common divisor of 465 and c.
31
Suppose 0 = -3*h - 4*g - 69, 0*g = 3*h - g + 54. Let d = h + 44. Calculate the highest common factor of 25 and d.
25
Suppose 3*z + 2*v - 20 = 0, 3*z - z = 4*v - 8. Suppose -42 = z*u - 6. Let a be 4/6 + (-102)/u. What is the highest common divisor of 36 and a?
12
Let p(r) = 3*r**2 + 6*r + 